5*r + 5, -3*f = 3*r - 2 - 19. Suppose r*h + 3*q - 32 = 8*q, 44 = 2*h - 2*q. What are the prime factors of h?
2, 13
Suppose 5*x = f + 643, -f + 7*x - 641 = 4*x. Let w = -396 - f. List the prime factors of w.
2, 11
Let d(a) = -2*a**2 + 5*a**2 - a**3 - 3 - 4*a**2 - 3*a. Suppose 3*v + 3*w + 12 = 0, -v = -w - 1 + 3. List the prime factors of d(v).
2, 3
Let h = 6190 + -4229. List the prime factors of h.
37, 53
Let x = -26 + 18. What are the prime factors of (-3 + 268/x)*-2?
73
Suppose 5*x + 4*y + 13 = 236, 2*x - 84 = y. What are the prime factors of x?
43
Suppose 2*r = -2*d, 4*r - d - 3*d = 32. Suppose -5*w - 172 = -3*y, -r*w = -5*y + 3*y + 116. List the prime factors of y.
2, 3
Suppose -2*p + p + 9 = 0. Suppose p - 21 = -6*r. Suppose -i + 5*h - 7 = -4*i, -r = -2*i - 4*h. List the prime factors of i.
3
Let a(v) = 6*v - 8. Let z be (1/3)/((-18)/(-810)). Let y = -6 + z. What are the prime factors of a(y)?
2, 23
Suppose 3*x - 196 = h - 6, 4*h = 5*x - 305. Suppose 4*j - 139 = x. List the prime factors of j.
3, 17
Let y = -2 + 7. Suppose -y*b + 119 = -4*g, 0*b - b + 5*g = -28. Let p = b + -5. List the prime factors of p.
2, 3
Let y = -56 - -88. Let f = y - -36. List the prime factors of f.
2, 17
Let a be -1*2*24/(-16). Let r = 1 + a. Let i = r + 0. What are the prime factors of i?
2
Let w(b) = -b**3 - 19*b**2 + 15*b - 137. List the prime factors of w(-21).
2, 5, 43
Let l(n) = n**2 - 10*n - 4. Let y be l(11). Suppose y*m = 3*m + 620. List the prime factors of m.
5, 31
Let i be (2 - 4)*15/(-10). Suppose u - 33 = -0*u - z, 0 = i*z - 12. What are the prime factors of u?
29
Suppose -2114 = 2*o - 5*o + c, -2*c = -3*o + 2110. List the prime factors of o.
2, 353
Let f = -284 + 437. Let h = -90 + f. List the prime factors of h.
3, 7
Let x be 21 + (-3 - 0/4). Suppose -4*t + x = 250. What are the prime factors of t/(-8)*4/1?
29
What are the prime factors of ((-3)/1)/1 - -278?
5, 11
Let s(d) = -11*d + 3. Suppose 2*g + 18 = -5*z, -g = -5*g - 4*z - 12. Let i = g + -4. List the prime factors of s(i).
2, 3
Let i(k) = -3 + 1 + 3*k + k**2 + 1. Let v be i(-4). Suppose -3*l + 4*b = -32, 2*l + v*b + 3 = -4. What are the prime factors of l?
2
Suppose 5*d - 260 - 240 = 0. Suppose -d = 4*h - 8*h. List the prime factors of h.
5
Suppose -9*l - 701 = -15479. What are the prime factors of l?
2, 821
Let g = 80 + -34. Let u = 16 + g. What are the prime factors of u?
2, 31
Let d be 33/(-12)*48/(-6). Let i = 18 + d. List the prime factors of i.
2, 5
Let z(y) = -13*y + 8. Let f(q) = 51*q - 32. Let s(h) = -2*f(h) - 9*z(h). List the prime factors of s(2).
2, 11
Suppose -6*w = -7*w + 1. Let h = w - -4. Let j = -2 + h. List the prime factors of j.
3
Let c(q) = q**2 + 13*q + 13. Let b be c(-11). Let f(v) = v**3 + 8*v**2 - 11*v + 6. Let r be f(b). Suppose 0 = -w + r + 11. What are the prime factors of w?
5, 7
List the prime factors of 287/((-3)/(-24)*2*4).
7, 41
Let t(o) = -o**3 + o**2 + o + 9. Let a be t(0). Let s = -7 + a. Suppose -s*k + 36 = -0*k. What are the prime factors of k?
2, 3
Let h = 10985 - 7156. List the prime factors of h.
7, 547
Let c(u) = 4*u + 10. Let w be c(8). Let g = w - 23. List the prime factors of g.
19
Suppose 3*b + 2*f = 6*b + 4, 0 = -5*b + f + 5. What are the prime factors of 38/1*3/b?
3, 19
Let f be (48/18)/(2/(-6)). Let x(a) = a**3 + 9*a**2 + 9*a + 11. Let i be x(f). Suppose i*s = 5*n - 84, -4*n = -s + 3*s - 54. What are the prime factors of n?
3, 5
Let q(k) = -2*k**3 + 5*k**2 + 17*k + 5. Let c(g) = g**3 - 2*g**2 - 9*g - 3. Let v(x) = -5*c(x) - 3*q(x). What are the prime factors of v(7)?
2, 7
Let q(w) = w**2 + 5*w + 8. Suppose 5 = -2*g - 3. What are the prime factors of q(g)?
2
Let y(f) = -228*f + 436. What are the prime factors of y(-11)?
2, 23
Let j(m) = -m. Let t be j(-2). Suppose 2*y - t*l = 6*y - 24, -y + 3*l + 6 = 0. Suppose 2*u - y*u - 2*v = -62, 4*v - 5 = -u. What are the prime factors of u?
17
Let z be 27/6 - 12/8. Suppose 4*d = 5*d - 32. Suppose -g = -z*g + d. List the prime factors of g.
2
Let s be 48/40*-18*10/(-2). What are the prime factors of s + (2/(-8) - (-5)/4)?
109
What are the prime factors of (-32928)/(-66) - 3/(-33)?
499
Suppose 3*p = -0*z + 2*z - 5, 0 = -3*p + z - 7. Let t = p + 98. What are the prime factors of t?
5, 19
Let s(y) = -2*y**3 + 9*y**2 + 2*y - 101. List the prime factors of s(-12).
7, 661
Suppose 1588 = 99*p - 95*p. List the prime factors of p.
397
Let z(x) = -636*x + 87. List the prime factors of z(-4).
3, 877
Let p(s) = s**3 + 17*s**2 + 27*s + 11. List the prime factors of p(-15).
2, 7
Let w(a) = -40*a - 25. Let s be w(11). Let y = s + 737. List the prime factors of y.
2, 17
Let a(r) = r**2 + 5*r + 3. Let s be a(-3). Suppose 3*i + 21 = -4*f, 0*i - 4*i = 3*f + 21. What are the prime factors of 14 - s/(i/3)?
11
Let j be ((-4)/8)/((-2)/20). Suppose -2*u + 4*l = -4*u + 24, 0 = 3*u - l - 29. What are the prime factors of u/6*(j - 2)?
5
Let t(y) = -3*y - 3. Let c be t(-2). Let q be 8/(3 + -2) + c. List the prime factors of (q/(-3))/((-5)/30).
2, 11
Suppose -h + 4*h + 4*d - 35 = 0, 5*h - 51 = -3*d. Suppose -i = h - 24. What are the prime factors of 1 - 4/(-3)*i?
3, 7
Suppose -6*h + 1431 + 1203 = 0. What are the prime factors of h?
439
Suppose 21 = 9*j - 15. Suppose -3*r - 23 = -4*l - 129, j*r - 100 = -5*l. What are the prime factors of r?
2, 3, 5
Let z(m) = m + 9. Let l be z(7). Let o = -13 + l. Suppose 0 = o*r + r - 48. List the prime factors of r.
2, 3
Suppose -4*q - 2*h + 17 = -9, -15 = -5*h. Suppose -73 = -s - q*x, 8*x - 4*x = -3*s + 230. What are the prime factors of s?
2, 3, 13
Let z(k) = 2*k**2 + 17*k - 1. Let l be z(-10). Suppose 0 = -3*i - 3*p + 25 + l, -p + 52 = 3*i. What are the prime factors of i?
17
Suppose -3*i + 2*c + 1041 = 0, -5*i + 5*c = -0*c - 1735. List the prime factors of i.
347
What are the prime factors of -72*(-17)/((-170)/(-575))?
2, 3, 5, 23
Let g be ((-60)/(-9) - 2)*(-6)/2. Let s be 2/1 + 18/(-3). Let j = s - g. List the prime factors of j.
2, 5
Suppose 0 = 5*g - 2*g - 75. Suppose g = -4*b + 9*b. Let j = b - -34. List the prime factors of j.
3, 13
Let m(h) = h**3 - 4*h**2 + h + 6. Let z(b) = -b**2 - 10*b + 16. Let d be z(-11). What are the prime factors of m(d)?
2, 3
What are the prime factors of (-2 - 154/(-8))/(45/480)?
2, 23
Let d(o) = 6 + 7 + 4*o + 9 - 3*o. Let y be d(-18). Suppose -2*l + 3*l + 204 = 5*j, 4*j = y*l + 160. What are the prime factors of j?
41
Let v = 811 - 474. List the prime factors of v.
337
Let b be (-6)/9 - (-10)/(-3). Let k be (5/b)/(3/(-60)). Let t = 16 + k. What are the prime factors of t?
41
Suppose 3*i - a + 4631 = 5*i, -4634 = -2*i + 2*a. What are the prime factors of i?
2, 3, 193
Let u(o) be the second derivative of -o**5/20 - o**4/4 - o**3/2 - 3*o**2/2 - 3*o. Suppose 3 = 2*n + 9. What are the prime factors of u(n)?
2, 3
Let s be (-14)/4*(-60)/21. Suppose -5*a - 5*k + s = -0*k, -a = 2*k. What are the prime factors of a?
2
Let n(j) = -2*j - 3*j - 6*j**3 - 8*j**2 + 5*j**3 - 4 - 3*j. Let w be n(-7). Suppose -w*d = -0*d - 33. What are the prime factors of d?
11
Suppose 4*d - 4*j - 17892 = 0, 8952 = 2*d - 16*j + 20*j. What are the prime factors of d?
2, 2237
What are the prime factors of (-74)/185 + 7042/5?
2, 11
Suppose -2*k = 5*s - 38, -2*k = 2*s + 2 - 16. Let y = 15 + s. Suppose -18 = -u + y. What are the prime factors of u?
41
List the prime factors of ((-3886)/(-8))/(34/272).
2, 29, 67
Suppose -2*g + 4*c + 250 = 0, 0 = -3*c + 2*c - 1. Suppose z + 5*d - g = 3*d, -2*z + 240 = 2*d. List the prime factors of z.
3, 13
Suppose -7*c = -52 - 18. Let u = 77 - c. List the prime factors of u.
67
Let v(b) = -b + 5. Let q be v(4). List the prime factors of (0 + q)/(15/45).
3
Suppose 0 = 130*u - 147*u + 2771. What are the prime factors of u?
163
What are the prime factors of -2972*1/((-28)/7)?
743
Let c(k) = 2*k**2 - 10*k - 140. List the prime factors of c(19).
2, 7
Let y be (-24)/5*290/(-4). Suppose -5*d + f = -435, 0 = 4*d - 0*d - 5*f - y. What are the prime factors of d?
3, 29
Suppose -64*r = -71*r + 1456. List the prime factors of r.
2, 13
Suppose 5*q + 4*x + 66 = 0, 4*x - x - 3 = 0. Let o = 18 + q. What are the prime factors of (78/12)/(1/o)?
2, 13
Let b(y) = y**2 - 3*y. Let r be b(4). Suppose r*d - 8*d = 48. Let l = d - -23. What are the prime factors of l?
11
Suppose -1271 = 7*m